9836906.
2, 34918453
List the prime factors of 1803984667.
239, 547, 13799
List the prime factors of 126438299.
13, 17, 61, 83, 113
What are the prime factors of 26571541?
26571541
List the prime factors of 5989173857.
47, 103, 1237177
What are the prime factors of 96103764?
2, 3, 2669549
List the prime factors of 700935335.
5, 53, 677, 3907
List the prime factors of 118045713.
3, 3911, 10061
What are the prime factors of 91078319?
2549, 35731
What are the prime factors of 167319669?
3, 11, 5070293
List the prime factors of 2875746957.
3, 19, 50451701
What are the prime factors of 2592948980?
2, 5, 1249, 103801
List the prime factors of 74008628.
2, 1499, 12343
List the prime factors of 690778242.
2, 3, 7, 11, 498397
List the prime factors of 199069562.
2, 99534781
What are the prime factors of 9173458?
2, 7, 23, 31, 919
List the prime factors of 54324666.
2, 3, 11, 23, 79, 151
List the prime factors of 1922394093.
3, 5683, 112757
What are the prime factors of 6211983813?
3, 7, 295808753
List the prime factors of 575344993.
547, 1051819
List the prime factors of 983894421.
3, 16187, 20261
List the prime factors of 564371696.
2, 7, 1867, 2699
List the prime factors of 107514450.
2, 3, 5, 238921
List the prime factors of 2389745414.
2, 7, 67, 937, 2719
What are the prime factors of 107689109?
11, 97, 100927
List the prime factors of 914196062.
2, 13, 2819, 12473
List the prime factors of 381614553.
3, 127, 333871
What are the prime factors of 3268475427?
3, 7, 89, 1748783
List the prime factors of 278064861.
3, 92688287
What are the prime factors of 945679798?
2, 7, 709, 95273
List the prime factors of 2188917504.
2, 3, 71, 13381
What are the prime factors of 3110898501?
3, 701, 164363
List the prime factors of 111246627.
3, 613, 60493
What are the prime factors of 277002554?
2, 151, 917227
List the prime factors of 2480345904.
2, 3, 51673873
What are the prime factors of 68152434?
2, 3, 7, 59, 3929
What are the prime factors of 27220280?
2, 5, 680507
List the prime factors of 2904678351.
3, 307, 1051277
List the prime factors of 147029805.
3, 5, 13, 127, 1979
List the prime factors of 1522700172.
2, 3, 7, 47, 128563
List the prime factors of 2225396616.
2, 3, 127, 491, 1487
List the prime factors of 4837872152.
2, 31, 79, 246931
What are the prime factors of 249748279?
11, 22704389
List the prime factors of 162983341.
223, 730867
What are the prime factors of 658097441?
658097441
List the prime factors of 29956338.
2, 3, 554747
What are the prime factors of 43127579?
11, 3920689
What are the prime factors of 2199141289?
2199141289
List the prime factors of 46071266.
2, 1031, 22343
List the prime factors of 293269378.
2, 47, 83, 37589
What are the prime factors of 3320014776?
2, 3, 13, 167, 63719
What are the prime factors of 4983666023?
7, 61, 11671349
List the prime factors of 26189473.
53, 494141
What are the prime factors of 2747718284?
2, 181, 487, 7793
List the prime factors of 30523336.
2, 53, 193, 373
What are the prime factors of 387901029?
3, 8363, 15461
List the prime factors of 151218426.
2, 3, 25203071
List the prime factors of 1711067952.
2, 3, 11, 17, 19, 79, 127
List the prime factors of 987075067.
11, 89734097
List the prime factors of 115999509.
3, 43, 899221
List the prime factors of 110887179.
3, 13, 2843261
List the prime factors of 6086588589.
3, 173, 434353
List the prime factors of 1880142881.
487, 3860663
What are the prime factors of 3589903216?
2, 1103, 203417
List the prime factors of 575227745.
5, 41, 2805989
List the prime factors of 158815576.
2, 887, 22381
What are the prime factors of 7746521?
109, 71069
What are the prime factors of 4827110852?
2, 6581, 183373
What are the prime factors of 107354987?
107354987
What are the prime factors of 1768533118?
2, 11, 80387869
List the prime factors of 1166291457.
3, 79, 4921061
List the prime factors of 73019691.
3, 523, 5171
List the prime factors of 293400781.
293400781
List the prime factors of 400768672.
2, 19, 659159
What are the prime factors of 35845694?
2, 17922847
List the prime factors of 14640000.
2, 3, 5, 61
List the prime factors of 230232099.
3, 76744033
What are the prime factors of 1687040860?
2, 5, 84352043
List the prime factors of 635164047.
3, 7, 17, 277, 2141
List the prime factors of 71721879.
3, 31, 53, 14551
List the prime factors of 63489402.
2, 3, 41, 86029
List the prime factors of 4385661989.
17, 89, 170509
List the prime factors of 45388220.
2, 5, 43, 89, 593
What are the prime factors of 75654100?
2, 5, 756541
List the prime factors of 316099415.
5, 137, 569, 811
List the prime factors of 55984277.
23, 2434099
List the prime factors of 9637554.
2, 3, 1606259
List the prime factors of 90550719.
3, 7, 1437313
List the prime factors of 141391664.
2, 8836979
What are the prime factors of 59244932?
2, 17, 871249
List the prime factors of 68082254.
2, 23, 311, 4759
List the prime factors of 265651497.
3, 3011, 9803
What are the prime factors of 44920015?
5, 7, 47, 83
What are the prime factors of 51887697?
3, 787, 21977
List the prime factors of 40646920.
2, 5, 1016173
List the prime factors of 136239065.
5, 27247813
List the prime factors of 34562359.
13, 204511
List the prime factors of 13995482.
2, 79, 283, 313
List the prime factors of 2133249789.
3, 11, 103, 627611
What are the prime factors of 751601729?
29, 25917301
List the prime factors of 343858367.
343858367
List the prime factors of 107355769.
83, 281, 4603
What are the prime factors of 239543251?
239543251
What are the prime factors of 4318980613?
83, 52035911
What are the prime factors of 46363793?
7, 59, 112261
What are the prime factors of 1845816246?
2, 3, 109, 940783
What are the prime factors of 222733669?
1949, 114281
List the prime factors of 38650523.
97, 398459
What are the prime factors of 25888439?
317, 81667
What are the prime factors of 10651471?
2953, 3607
List the prime factors of 446872857.
3, 148957619
What are the prime factors of 5491531004?
2, 131, 10480021
What are the prime factors of 123317952?
2, 3, 642281
What are the prime factors of 220543644?
2, 3, 18378637
List the prime factors of 54558431.
54558431
List the prime factors of 182818976.
2, 5713093
What are the prime factors of 197837403?
3, 65945801
What are the prime factors of 183049077?
3, 2141, 28499
List the prime factors of 6493041524.
2, 1623260381
What are the prime factors of 35061072?
2, 3, 17, 42967
What are the prime factors of 145469790?
2, 3, 5, 538777
List the prime factors of 1687724914.
2, 1279, 659783
What are the prime factors of 4289802034?
2, 7, 43, 165719
List the prime factors of 18760778.
2, 23, 407843
List the prime factors of 128950873.
128950873
What are the prime factors of 1419251288?
2, 7, 13, 278503
What are the prime factors of 2505872914?
2, 443, 2828299
List the prime factors of 58530284.
2, 107, 136753
What are the prime factors of 18052978?
2, 1217, 7417
List the prime factors of 2365794121.
277, 8540773
List the prime factors of 1199091905.
5, 11, 1567, 13913
What are the prime factors of 13870819?
37, 374887
What are the prime factors of 101413181?
281, 360901
List the prime factors of 6316683620.
2, 5, 13, 67, 349, 1039
List the prime factors of 5234167225.
5, 7, 29, 131, 7873
What are the prime factors of 417642347?
37, 11287631
List the prime factors of 8155296178.
2, 73, 859, 65027
List the prime factors of 501458954.
2, 67, 3742231
List the prime factors of 3317794241.
49957, 66413
List the prime factors of 17889433.
29, 616877
What are the prime factors of 378234848?
2, 11819839
List the prime factors of 121616665.
5, 3037, 8009
List the prime factors of 92636818.
2, 19, 587, 4153
What are the prime factors of 14327259?
3, 389, 12277
What are the prime factors of 4229881901?
7, 293, 2062351
What are the prime factors of 2934625720?
2, 5, 13, 419, 13469
What are the prime factors of 4207297748?
2, 24877, 42281
List the prime factors of 605691402.
2, 3, 17, 349303
What are the prime factors of 33188246?
2, 7, 13, 182353
List the prime factors of 216922919.
107, 2027317
What are the prime factors of 76783135?
5, 11, 13, 17, 6317
What are the prime factors of 2003347501?
4093, 489457
What are the prime factors of 44402095?
5, 83, 106993
What are the prime facto